{"id":24829,"date":"2025-08-27T15:17:52","date_gmt":"2025-08-27T18:17:52","guid":{"rendered":"https:\/\/expografika.com\/n\/?post_type=product&#038;p=24829"},"modified":"2025-10-07T10:56:01","modified_gmt":"2025-10-07T13:56:01","slug":"curso-car-wrapping-inicial-e-intermedio","status":"publish","type":"product","link":"https:\/\/expografika.com\/n\/producto\/curso-car-wrapping-inicial-e-intermedio\/","title":{"rendered":"CURSO CAR WRAPPING INICIAL E INTERMEDIO"},"content":{"rendered":"<p>[et_pb_section fb_built=\u00bb1&#8243; _builder_version=\u00bb4.16&#8243; custom_padding=\u00bb0px||||false|false\u00bb global_colors_info=\u00bb{}\u00bb][et_pb_row _builder_version=\u00bb4.16&#8243; background_size=\u00bbinitial\u00bb background_position=\u00bbtop_left\u00bb background_repeat=\u00bbrepeat\u00bb width=\u00bb100%\u00bb custom_padding=\u00bb0px||0px||false|false\u00bb global_colors_info=\u00bb{}\u00bb][et_pb_column type=\u00bb4_4&#8243; _builder_version=\u00bb4.16&#8243; custom_padding=\u00bb|||\u00bb global_colors_info=\u00bb{}\u00bb custom_padding__hover=\u00bb|||\u00bb][et_pb_wc_breadcrumb _builder_version=\u00bb4.16&#8243; global_colors_info=\u00bb{}\u00bb][\/et_pb_wc_breadcrumb][et_pb_wc_cart_notice _builder_version=\u00bb4.27.4&#8243; background_color=\u00bb#ed1c9d\u00bb custom_button=\u00bbon\u00bb button_text_color=\u00bb#f422a4&#8243; global_colors_info=\u00bb{}\u00bb][\/et_pb_wc_cart_notice][\/et_pb_column][\/et_pb_row][et_pb_row column_structure=\u00bb1_2,1_2&#8243; _builder_version=\u00bb4.16&#8243; background_size=\u00bbinitial\u00bb background_position=\u00bbtop_left\u00bb background_repeat=\u00bbrepeat\u00bb width=\u00bb100%\u00bb custom_padding=\u00bb0px||||false|false\u00bb global_colors_info=\u00bb{}\u00bb][et_pb_column type=\u00bb1_2&#8243; _builder_version=\u00bb4.16&#8243; custom_padding=\u00bb|||\u00bb global_colors_info=\u00bb{}\u00bb custom_padding__hover=\u00bb|||\u00bb][et_pb_wc_images _builder_version=\u00bb4.16&#8243; global_colors_info=\u00bb{}\u00bb][\/et_pb_wc_images][\/et_pb_column][et_pb_column type=\u00bb1_2&#8243; _builder_version=\u00bb4.16&#8243; custom_padding=\u00bb|||\u00bb global_colors_info=\u00bb{}\u00bb custom_padding__hover=\u00bb|||\u00bb][et_pb_wc_title _builder_version=\u00bb4.16&#8243; global_colors_info=\u00bb{}\u00bb][\/et_pb_wc_title][et_pb_wc_price _builder_version=\u00bb4.27.4&#8243; sale_price_text_color=\u00bb#f22197&#8243; global_colors_info=\u00bb{}\u00bb][\/et_pb_wc_price][et_pb_wc_description _builder_version=\u00bb4.16&#8243; global_colors_info=\u00bb{}\u00bb][\/et_pb_wc_description][et_pb_wc_add_to_cart _builder_version=\u00bb4.27.4&#8243; custom_button=\u00bbon\u00bb button_text_color=\u00bb#ef2199&#8243; button_border_color=\u00bb#ef2199&#8243; global_colors_info=\u00bb{}\u00bb][\/et_pb_wc_add_to_cart][\/et_pb_column][\/et_pb_row][et_pb_row _builder_version=\u00bb4.16&#8243; background_size=\u00bbinitial\u00bb background_position=\u00bbtop_left\u00bb background_repeat=\u00bbrepeat\u00bb width=\u00bb100%\u00bb global_colors_info=\u00bb{}\u00bb][et_pb_column type=\u00bb4_4&#8243; _builder_version=\u00bb4.16&#8243; custom_padding=\u00bb|||\u00bb global_colors_info=\u00bb{}\u00bb custom_padding__hover=\u00bb|||\u00bb][et_pb_wc_tabs active_tab_background_color=\u00bbRGBA(255,255,255,0)\u00bb inactive_tab_background_color=\u00bbRGBA(255,255,255,0)\u00bb active_tab_text_color=\u00bbRGBA(255,255,255,0)\u00bb _builder_version=\u00bb4.27.4&#8243; tab_text_color=\u00bbRGBA(255,255,255,0)\u00bb body_font_size=\u00bb15px\u00bb tab_font_size=\u00bb1px\u00bb tab_line_height=\u00bb1em\u00bb border_width_all=\u00bb0px\u00bb border_color_all=\u00bbRGBA(255,255,255,0)\u00bb global_colors_info=\u00bb{}\u00bb] [\/et_pb_wc_tabs][et_pb_wc_upsells _builder_version=\u00bb4.16&#8243; global_colors_info=\u00bb{}\u00bb][\/et_pb_wc_upsells][\/et_pb_column][\/et_pb_row][\/et_pb_section]<\/p>\n","protected":false},"excerpt":{"rendered":"<p><strong>En el marco de Expogr\u00e1fika Neuqu\u00e9n \u2013 DUAM<\/strong><\/p>\n<p>Te\u00f3rico \u00b7 Jueves 9\/10<br \/>\nPr\u00e1ctico Viernes 10\/10<br \/>\n14.30 a 18.30 hs<\/p>\n<p><strong>\u00a1PRECIO PROMOCIONAL PARA QUIENES ASISTAN A EXPOGRAFIKA!<\/strong><\/p>\n<p>&nbsp;<\/p>\n","protected":false},"featured_media":24830,"template":"","meta":{"_et_pb_use_builder":"on","_et_pb_old_content":"<h4><a href=\"https:\/\/expografika.com\/n\/wp-content\/uploads\/2025\/08\/icon-mega-index.jpg\"><img class=\"alignnone  wp-image-24677\" src=\"https:\/\/expografika.com\/n\/wp-content\/uploads\/2025\/08\/icon-mega-index-400x111.jpg\" alt=\"\" width=\"223\" height=\"62\" \/><\/a><\/h4>\r\n<h4><strong>Dictado por MEGA CNC<\/strong><\/h4>\r\n<h4><strong>L\u00edderes en soluciones de mecanizado y tecnolog\u00eda aplicada.<\/strong><\/h4>\r\n<strong>&#x1f4a1; Temario del curso:<\/strong>\r\n&#x2714; Qu\u00e9 es CNC y c\u00f3mo optimiza procesos\r\n&#x2714; Tecnolog\u00edas en mecanizado industrial\r\n&#x2714; Usos y aplicaciones del Router CNC\r\n&#x2714; Introducci\u00f3n a la tecnolog\u00eda l\u00e1ser\r\n&#x2714; Diferencias clave entre sistemas l\u00e1ser\r\n&#x2714; L\u00e1ser de fibra: la m\u00e1quina del momento\r\n&#x2714; Software y demos en vivo\r\n\r\n<strong>&#x1f3af; Orientado a:<\/strong>\r\nEmpresarios, emprendedores, t\u00e9cnicos, operarios y dise\u00f1adores que buscan incorporar herramientas de automatizaci\u00f3n y corte de precisi\u00f3n.\r\n\r\n<strong> Cupos limitados!<\/strong>\r\nAprovech\u00e1 esta oportunidad de capacitaci\u00f3n exclusiva en el mayor evento gr\u00e1fico y tecnol\u00f3gico de la Patagonia.","_et_gb_content_width":"","_joinchat":[]},"product_brand":[],"product_cat":[280],"product_tag":[],"class_list":{"0":"post-24829","1":"product","2":"type-product","3":"status-publish","4":"has-post-thumbnail","6":"product_cat-cursos-expografika-2025","8":"first","9":"outofstock","10":"sale","11":"shipping-taxable","12":"purchasable","13":"product-type-simple"},"aioseo_notices":[],"_links":{"self":[{"href":"https:\/\/expografika.com\/n\/wp-json\/wp\/v2\/product\/24829","targetHints":{"allow":["GET"]}}],"collection":[{"href":"https:\/\/expografika.com\/n\/wp-json\/wp\/v2\/product"}],"about":[{"href":"https:\/\/expografika.com\/n\/wp-json\/wp\/v2\/types\/product"}],"wp:featuredmedia":[{"embeddable":true,"href":"https:\/\/expografika.com\/n\/wp-json\/wp\/v2\/media\/24830"}],"wp:attachment":[{"href":"https:\/\/expografika.com\/n\/wp-json\/wp\/v2\/media?parent=24829"}],"wp:term":[{"taxonomy":"product_brand","embeddable":true,"href":"https:\/\/expografika.com\/n\/wp-json\/wp\/v2\/product_brand?post=24829"},{"taxonomy":"product_cat","embeddable":true,"href":"https:\/\/expografika.com\/n\/wp-json\/wp\/v2\/product_cat?post=24829"},{"taxonomy":"product_tag","embeddable":true,"href":"https:\/\/expografika.com\/n\/wp-json\/wp\/v2\/product_tag?post=24829"}],"curies":[{"name":"wp","href":"https:\/\/api.w.org\/{rel}","templated":true}]}}