{"id":5943,"date":"2020-05-27T18:55:46","date_gmt":"2020-05-27T21:55:46","guid":{"rendered":"http:\/\/expografika.com\/n\/?post_type=product&#038;p=5943"},"modified":"2020-06-04T21:00:08","modified_gmt":"2020-06-05T00:00:08","slug":"onix","status":"publish","type":"product","link":"https:\/\/expografika.com\/n\/producto\/onix\/","title":{"rendered":"ONIX"},"content":{"rendered":"<p>[et_pb_section fb_built=\u00bb1&#8243; _builder_version=\u00bb4.4.2&#8243; background_color=\u00bb#cecece\u00bb background_image=\u00bbhttps:\/\/expografika.com\/n\/wp-content\/uploads\/2019\/10\/bg1.gif\u00bb background_blend=\u00bbmultiply\u00bb custom_padding=\u00bb3px||0px|||\u00bb][et_pb_row _builder_version=\u00bb4.4.2&#8243;][et_pb_column type=\u00bb4_4&#8243; _builder_version=\u00bb4.4.0&#8243;][et_pb_code _builder_version=\u00bb4.4.2&#8243;][devvn_ihotspot id=\u00bb5945&#8243;][\/et_pb_code][\/et_pb_column][\/et_pb_row][\/et_pb_section][et_pb_section fb_built=\u00bb1&#8243; _builder_version=\u00bb4.4.0&#8243; background_image=\u00bbhttps:\/\/expografika.com\/n\/wp-content\/uploads\/2019\/10\/bg1.gif\u00bb parallax=\u00bbon\u00bb][et_pb_row column_structure=\u00bb1_2,1_2&#8243; module_id=\u00bbnosotros\u00bb _builder_version=\u00bb4.4.2&#8243; background_color=\u00bbrgba(255,255,255,0.9)\u00bb hover_enabled=\u00bb0&#8243;][et_pb_column type=\u00bb1_2&#8243; _builder_version=\u00bb4.4.0&#8243;][et_pb_image src=\u00bbhttps:\/\/expografika.com\/n\/wp-content\/uploads\/2020\/05\/expografika-virtual-3.jpg\u00bb url=\u00bbhttp:\/\/plotterdoc.com\/\u00bb url_new_window=\u00bbon\u00bb _builder_version=\u00bb4.4.2&#8243;][\/et_pb_image][et_pb_text _builder_version=\u00bb4.4.2&#8243;]<\/p>\n<p>NOSOTROS<br \/>\nDesde 2004 proveemos m\u00e1quinas, repuestos e insumos para la industria gr\u00e1fica.<br \/>\nImportadores directos, stock y variedad creciente. Podes trabajar con nosotros 100% online<br \/>\ny hacemos env\u00edos a todas las provincias y a pa\u00edses vecinos.<\/p>\n<p>[\/et_pb_text][\/et_pb_column][et_pb_column type=\u00bb1_2&#8243; _builder_version=\u00bb4.4.0&#8243;][et_pb_text _builder_version=\u00bb4.4.2&#8243;]<\/p>\n<h2>Contactate con ONIX<\/h2>\n<p>[\/et_pb_text][et_pb_contact_form email=\u00bbinfo@onyxargentina.com\u00bb _builder_version=\u00bb4.4.2&#8243;][et_pb_contact_field field_id=\u00bbName\u00bb field_title=\u00bbNombre\u00bb _builder_version=\u00bb3.16&#8243; button_text_size__hover_enabled=\u00bboff\u00bb button_one_text_size__hover_enabled=\u00bboff\u00bb button_two_text_size__hover_enabled=\u00bboff\u00bb button_text_color__hover_enabled=\u00bboff\u00bb button_one_text_color__hover_enabled=\u00bboff\u00bb button_two_text_color__hover_enabled=\u00bboff\u00bb button_border_width__hover_enabled=\u00bboff\u00bb button_one_border_width__hover_enabled=\u00bboff\u00bb button_two_border_width__hover_enabled=\u00bboff\u00bb button_border_color__hover_enabled=\u00bboff\u00bb button_one_border_color__hover_enabled=\u00bboff\u00bb button_two_border_color__hover_enabled=\u00bboff\u00bb button_border_radius__hover_enabled=\u00bboff\u00bb button_one_border_radius__hover_enabled=\u00bboff\u00bb button_two_border_radius__hover_enabled=\u00bboff\u00bb button_letter_spacing__hover_enabled=\u00bboff\u00bb button_one_letter_spacing__hover_enabled=\u00bboff\u00bb button_two_letter_spacing__hover_enabled=\u00bboff\u00bb button_bg_color__hover_enabled=\u00bboff\u00bb button_one_bg_color__hover_enabled=\u00bboff\u00bb button_two_bg_color__hover_enabled=\u00bboff\u00bb][\/et_pb_contact_field][et_pb_contact_field field_id=\u00bbEmail\u00bb field_title=\u00bbDirecci\u00f3n de correo electr\u00f3nico\u00bb field_type=\u00bbemail\u00bb _builder_version=\u00bb3.16&#8243; button_text_size__hover_enabled=\u00bboff\u00bb button_one_text_size__hover_enabled=\u00bboff\u00bb button_two_text_size__hover_enabled=\u00bboff\u00bb button_text_color__hover_enabled=\u00bboff\u00bb button_one_text_color__hover_enabled=\u00bboff\u00bb button_two_text_color__hover_enabled=\u00bboff\u00bb button_border_width__hover_enabled=\u00bboff\u00bb button_one_border_width__hover_enabled=\u00bboff\u00bb button_two_border_width__hover_enabled=\u00bboff\u00bb button_border_color__hover_enabled=\u00bboff\u00bb button_one_border_color__hover_enabled=\u00bboff\u00bb button_two_border_color__hover_enabled=\u00bboff\u00bb button_border_radius__hover_enabled=\u00bboff\u00bb button_one_border_radius__hover_enabled=\u00bboff\u00bb button_two_border_radius__hover_enabled=\u00bboff\u00bb button_letter_spacing__hover_enabled=\u00bboff\u00bb button_one_letter_spacing__hover_enabled=\u00bboff\u00bb button_two_letter_spacing__hover_enabled=\u00bboff\u00bb button_bg_color__hover_enabled=\u00bboff\u00bb button_one_bg_color__hover_enabled=\u00bboff\u00bb button_two_bg_color__hover_enabled=\u00bboff\u00bb][\/et_pb_contact_field][et_pb_contact_field field_id=\u00bbMessage\u00bb field_title=\u00bbMensaje\u00bb field_type=\u00bbtext\u00bb fullwidth_field=\u00bbon\u00bb _builder_version=\u00bb3.16&#8243; button_text_size__hover_enabled=\u00bboff\u00bb button_one_text_size__hover_enabled=\u00bboff\u00bb button_two_text_size__hover_enabled=\u00bboff\u00bb button_text_color__hover_enabled=\u00bboff\u00bb button_one_text_color__hover_enabled=\u00bboff\u00bb button_two_text_color__hover_enabled=\u00bboff\u00bb button_border_width__hover_enabled=\u00bboff\u00bb button_one_border_width__hover_enabled=\u00bboff\u00bb button_two_border_width__hover_enabled=\u00bboff\u00bb button_border_color__hover_enabled=\u00bboff\u00bb button_one_border_color__hover_enabled=\u00bboff\u00bb button_two_border_color__hover_enabled=\u00bboff\u00bb button_border_radius__hover_enabled=\u00bboff\u00bb button_one_border_radius__hover_enabled=\u00bboff\u00bb button_two_border_radius__hover_enabled=\u00bboff\u00bb button_letter_spacing__hover_enabled=\u00bboff\u00bb button_one_letter_spacing__hover_enabled=\u00bboff\u00bb button_two_letter_spacing__hover_enabled=\u00bboff\u00bb button_bg_color__hover_enabled=\u00bboff\u00bb button_one_bg_color__hover_enabled=\u00bboff\u00bb button_two_bg_color__hover_enabled=\u00bboff\u00bb][\/et_pb_contact_field][\/et_pb_contact_form][et_pb_text _builder_version=\u00bb4.4.2&#8243; text_font_size=\u00bb16px\u00bb]<\/p>\n<h3 style=\"font-weight: 400;\">Datos de Contacto:<\/h3>\n<p><i class=\"fab fa-whatsapp\"><\/i> <a href=\"https:\/\/api.whatsapp.com\/send?phone=541145743207&amp;text=*%C2%A1Hola!*%20te%20escribo%20desde%20Expogr%C3%A1fika\" target=\"_blank\" rel=\"noopener noreferrer\"> +541145743207<\/a><\/p>\n<p><i class=\"far fa-envelope\"><\/i> info@onyxargentina.com<br \/>\n<i class=\"fas fa-globe\"><\/i> <a href=\"www.onyxargentina.com\" target=\"_blank\" rel=\"noopener noreferrer\">www.onyxargentina.com<\/a><br \/>\n<i class=\"fab fa-youtube\"><\/i> <a href=\"https:\/\/bit.ly\/2WSYV1G\" target=\"_blank\" rel=\"noopener noreferrer\">Onyx Youtube<\/a>[\/et_pb_text][\/et_pb_column][\/et_pb_row][et_pb_row _builder_version=\u00bb4.4.2&#8243;][et_pb_column type=\u00bb4_4&#8243; _builder_version=\u00bb4.4.2&#8243;][et_pb_divider _builder_version=\u00bb4.4.2&#8243;][\/et_pb_divider][\/et_pb_column][\/et_pb_row][et_pb_row module_id=\u00bbcomo\u00bb _builder_version=\u00bb4.4.2&#8243; background_color=\u00bb#ffffff\u00bb][et_pb_column type=\u00bb4_4&#8243; _builder_version=\u00bb4.4.2&#8243;][et_pb_text _builder_version=\u00bb4.4.2&#8243;]<\/p>\n<h2>PRODUCTOS<\/h2>\n<p>LA SOLUCION QUE TE OFRECEMOS:<br \/>\nLas impresoras ONYX usan un cabezal para imprimir directo desde la PC, esto significa que\u00a0terminas de editar el documento en Corel o Photoshop \u00f3 el programa que elijas, mandas a\u00a0imprimir como si fuera una impresora com\u00fan de escritorio e imprime la imagen o el texto\u00a0directo sobre el papel (sin cu\u00f1os, sin shablon y sin imprimir previamente en toner). Una\u00a0copia o las copias que necesites. Es ideal para hacer trabajos personalizados, de tiradas\u00a0bajas o ensayos. Es tan sencillo como te lo cuento.<br \/>\nLa m\u00e1quina es f\u00e1cil de instalar y usar, no necesita programa especial, solo los drivers que te\u00a0env\u00edamos con la m\u00e1quina. Podes imprimir plenos, texto y grisados sobre cualquier\u00a0superficie lisa hasta 600g (\u00f3 2mm de espesor) y hasta 35cm de ancho.<br \/>\nEn cualquiera de las m\u00e1quinas el registro es perfecto, lo que te permite hacer tiradas largas\u00a0imprimiendo siempre en el mismo lugar.<\/p>\n<p>&nbsp;<\/p>\n<p>[\/et_pb_text][\/et_pb_column][\/et_pb_row][et_pb_row module_id=\u00bbproductos\u00bb _builder_version=\u00bb4.4.2&#8243; background_color=\u00bb#ffffff\u00bb][et_pb_column type=\u00bb4_4&#8243; _builder_version=\u00bb4.4.2&#8243;][et_pb_text _builder_version=\u00bb4.4.2&#8243;]<\/p>\n<h2>IMPRESORAS DIGITAL<\/h2>\n<p>La A36 con alimentador manual y sin limite de largo. Solo imprime materiales lisos, pero\u00a0pueden ser flexibles como ser bolsas tipo ziploc. 25cm de ancho y 200DPI de resoluci\u00f3n.<br \/>\nLa C36 con alimentador autom\u00e1tico, a la que le podes cargar la pila de papel y va tomando\u00a0uno a uno a medida que imprime. Tambi\u00e9n tiene recuerdo del \u00faltimo trabajo hecho, para\u00a0imprimirlo desde la impresora sin necesidad de usar la computadora. Adem\u00e1s cuenta con\u00a0un sistema para ahorrar foil. Permite imprimir materiales lisos pero tambi\u00e9n ligeramente\u00a0rugosos, como cuerina. 25cm de ancho y 200DPI de resoluci\u00f3n.<\/p>\n<p>La C36MAX tiene las mismas caracter\u00edsticas de la C36 pero tiene 30cm de ancho y una\u00a0resoluci\u00f3n de 300DPI.<\/p>\n<p>[\/et_pb_text][\/et_pb_column][\/et_pb_row][et_pb_row column_structure=\u00bb1_2,1_2&#8243; _builder_version=\u00bb4.4.2&#8243;][et_pb_column type=\u00bb1_2&#8243; _builder_version=\u00bb4.4.2&#8243;][et_pb_image src=\u00bbhttps:\/\/expografika.com\/n\/wp-content\/uploads\/2020\/05\/C36-PORTADA.jpg\u00bb _builder_version=\u00bb4.4.2&#8243;][\/et_pb_image][\/et_pb_column][et_pb_column type=\u00bb1_2&#8243; _builder_version=\u00bb4.4.2&#8243;][et_pb_image src=\u00bbhttps:\/\/expografika.com\/n\/wp-content\/uploads\/2020\/05\/A36-PORTADA.jpg\u00bb _builder_version=\u00bb4.4.2&#8243;][\/et_pb_image][\/et_pb_column][\/et_pb_row][et_pb_row _builder_version=\u00bb4.4.2&#8243;][et_pb_column type=\u00bb4_4&#8243; _builder_version=\u00bb4.4.2&#8243;][et_pb_image src=\u00bbhttps:\/\/expografika.com\/n\/wp-content\/uploads\/2020\/05\/expografika-virtual-2.jpg\u00bb _builder_version=\u00bb4.4.2&#8243;][\/et_pb_image][\/et_pb_column][\/et_pb_row][\/et_pb_section]<\/p>\n","protected":false},"excerpt":{"rendered":"<p>[devvn_ihotspot id=\u00bb5945&#8243;] NOSOTROS Desde 2004 proveemos m\u00e1quinas, repuestos e insumos para la industria gr\u00e1fica. Importadores directos, stock y variedad creciente. Podes trabajar con nosotros 100% online y hacemos env\u00edos a todas las provincias y a pa\u00edses vecinos. Contactate con ONIX Datos de Contacto: +541145743207 info@onyxargentina.com www.onyxargentina.com Onyx Youtube PRODUCTOS LA SOLUCION QUE TE OFRECEMOS: Las [&hellip;]<\/p>\n","protected":false},"featured_media":5944,"template":"","meta":{"_et_pb_use_builder":"on","_et_pb_old_content":"","_et_gb_content_width":"","_joinchat":[]},"product_brand":[],"product_cat":[129,180,133],"product_tag":[165,166],"class_list":{"0":"post-5943","1":"product","2":"type-product","3":"status-publish","4":"has-post-thumbnail","6":"product_cat-equipamiento-grafico","7":"product_cat-insumos-2","8":"product_cat-insumos","9":"product_tag-hot-stamping-digital","10":"product_tag-venta-de-maquinas-offset","12":"first","13":"instock","14":"shipping-taxable","15":"product-type-simple"},"aioseo_notices":[],"_links":{"self":[{"href":"https:\/\/expografika.com\/n\/wp-json\/wp\/v2\/product\/5943","targetHints":{"allow":["GET"]}}],"collection":[{"href":"https:\/\/expografika.com\/n\/wp-json\/wp\/v2\/product"}],"about":[{"href":"https:\/\/expografika.com\/n\/wp-json\/wp\/v2\/types\/product"}],"wp:featuredmedia":[{"embeddable":true,"href":"https:\/\/expografika.com\/n\/wp-json\/wp\/v2\/media\/5944"}],"wp:attachment":[{"href":"https:\/\/expografika.com\/n\/wp-json\/wp\/v2\/media?parent=5943"}],"wp:term":[{"taxonomy":"product_brand","embeddable":true,"href":"https:\/\/expografika.com\/n\/wp-json\/wp\/v2\/product_brand?post=5943"},{"taxonomy":"product_cat","embeddable":true,"href":"https:\/\/expografika.com\/n\/wp-json\/wp\/v2\/product_cat?post=5943"},{"taxonomy":"product_tag","embeddable":true,"href":"https:\/\/expografika.com\/n\/wp-json\/wp\/v2\/product_tag?post=5943"}],"curies":[{"name":"wp","href":"https:\/\/api.w.org\/{rel}","templated":true}]}}